{"id":8,"date":"2023-08-29T09:54:53","date_gmt":"2023-08-29T06:54:53","guid":{"rendered":"http:\/\/opikielia.fi\/?page_id=8"},"modified":"2026-03-18T14:38:56","modified_gmt":"2026-03-18T12:38:56","slug":"info","status":"publish","type":"page","link":"https:\/\/opikielia.fi\/index.php\/info\/","title":{"rendered":"Kuka olen?"},"content":{"rendered":"\n<p>Olen Lotta Aunio, vanhempi yliopistonlehtori Helsingin yliopistosta. Koulutukseltani olen Afrikan kielten tutkija ja ty\u00f6skentelen Helsingin yliopistossa bantukielten yliopistonlehtorina. Opetan k\u00e4yt\u00e4nn\u00f6n swahilin kielen lis\u00e4ksi erilaisia kieleen, kielenoppimiseen ja kielten tutkimukseen liittyvi\u00e4 kursseja. Vaikka taustani on (deskriptiivisess\u00e4) kielitieteess\u00e4, olen aina ollut kiinnostunut my\u00f6s kielitieteen soveltavasta puolesta, erityisesti kielenoppimisesta. Koulutuksia kielenoppimisesta olen pit\u00e4nyt 90-luvulta l\u00e4htien.<\/p>\n\n\n\n<figure class=\"wp-block-image size-large\"><img loading=\"lazy\" decoding=\"async\" width=\"1024\" height=\"683\" src=\"http:\/\/opikielia.fi\/wp-content\/uploads\/2023\/10\/Humanistinen-tdk-07092023-klo-1500-1530-4-nauru-1024x683.jpg\" alt=\"\" class=\"wp-image-180\" srcset=\"https:\/\/opikielia.fi\/wp-content\/uploads\/2023\/10\/Humanistinen-tdk-07092023-klo-1500-1530-4-nauru-1024x683.jpg 1024w, https:\/\/opikielia.fi\/wp-content\/uploads\/2023\/10\/Humanistinen-tdk-07092023-klo-1500-1530-4-nauru-300x200.jpg 300w, https:\/\/opikielia.fi\/wp-content\/uploads\/2023\/10\/Humanistinen-tdk-07092023-klo-1500-1530-4-nauru-768x512.jpg 768w, https:\/\/opikielia.fi\/wp-content\/uploads\/2023\/10\/Humanistinen-tdk-07092023-klo-1500-1530-4-nauru-1536x1024.jpg 1536w, https:\/\/opikielia.fi\/wp-content\/uploads\/2023\/10\/Humanistinen-tdk-07092023-klo-1500-1530-4-nauru-2048x1365.jpg 2048w, https:\/\/opikielia.fi\/wp-content\/uploads\/2023\/10\/Humanistinen-tdk-07092023-klo-1500-1530-4-nauru-90x60.jpg 90w\" sizes=\"auto, (max-width: 1024px) 100vw, 1024px\" \/><figcaption class=\"wp-element-caption\">Kuva: Veikko Somerpuro<\/figcaption><\/figure>\n\n\n\n<p><\/p>\n\n\n\n<p>Kielenoppimisessa minua on pitk\u00e4\u00e4n pohdituttanut se, miksi k\u00e4yt\u00e4nn\u00f6n kielitaidon saavuttaminen on usein niin haastavaa. T\u00e4m\u00e4 koskee niin swahilin kursseja, joita itse opetan, kuin my\u00f6s esimerkiksi mediassakin paljon esill\u00e4 ollutta maahanmuuttajien kielitaitoa. Toisaalta Afrikan kielten tutkijana olen huomannut, ett\u00e4 monen kielen kielitaito on esimerkiksi monelle tansanialaiselle itsest\u00e4\u00e4nselvyys, eik\u00e4 kielten opiskeluun v\u00e4ltt\u00e4m\u00e4tt\u00e4 tietoisesti kovinkaan paljoa panosteta \u2013 kieli\u00e4 opitaan k\u00e4yt\u00e4nn\u00f6ss\u00e4, ja oppiminen vaikuttaa huomattavan tehokkaalta verrattuna formaaliin kielikoulutukseen.<\/p>\n\n\n\n<p>Omien kielenoppimiskokemusteni, kielen opettamisen ja tutkimisen sek\u00e4 tutkimuskirjallisuuden pohjalta k\u00e4sityst\u00e4ni kielenoppimisesta kuvaa parhaiten kaksi n\u00e4k\u00f6kulmaa: <\/p>\n\n\n\n<p>1) Kieli on l\u00e4ht\u00f6kohtaisesti sosiaalista ja sosiaalisesti rakentuvaa, jolloin my\u00f6s kielenoppiminen onnistuu parhaiten, kun se pohjautuu aitoon kommunikaatiotarpeeseen ja sosiaaliseen vuorovaikutukseen. <\/p>\n\n\n\n<p>2) Aikuiset ovat oppineet oppimaan eli s\u00e4\u00e4telem\u00e4\u00e4n ja reflektoimaan omaa oppimistaan, ja n\u00e4it\u00e4 taitoja tulisi hy\u00f6dynt\u00e4\u00e4 my\u00f6s kielenoppimisessa sen sijaan, ett\u00e4 oppimista ohjaa esimerkiksi kielikurssin ohjelma tai opettaja. Aktiivinen suhtautuminen omaan oppimiseen vahvistaa jo sin\u00e4ll\u00e4\u00e4n oppimista, ja itselle ja omaan el\u00e4m\u00e4ntilanteeseen parhaiten sopivien oppimismenetelmien hy\u00f6dynt\u00e4minen tekee oppimisesta sek\u00e4 mielekk\u00e4\u00e4mp\u00e4\u00e4 ett\u00e4 tehokkaampaa. <\/p>\n\n\n\n<p>N\u00e4ist\u00e4 periaatteista voit lukua lis\u00e4\u00e4 blogini <a href=\"http:\/\/opikielia.fi\/index.php\/aiheet\/\">artikkeleista<\/a>.<\/p>\n\n\n\n<figure class=\"wp-block-image size-full\"><a href=\"https:\/\/www.helsinki.fi\/fi\/hakeminen-ja-opetus\/opetus\/palkittuja-opettajia\" target=\"_blank\" rel=\" noreferrer noopener\"><img loading=\"lazy\" decoding=\"async\" width=\"349\" height=\"100\" src=\"https:\/\/opikielia.fi\/wp-content\/uploads\/2026\/03\/Etusivubanneri_fin.jpg\" alt=\"\" class=\"wp-image-395\" srcset=\"https:\/\/opikielia.fi\/wp-content\/uploads\/2026\/03\/Etusivubanneri_fin.jpg 349w, https:\/\/opikielia.fi\/wp-content\/uploads\/2026\/03\/Etusivubanneri_fin-300x86.jpg 300w\" sizes=\"auto, (max-width: 349px) 100vw, 349px\" \/><\/a><\/figure>\n","protected":false},"excerpt":{"rendered":"<p>Olen Lotta Aunio, vanhempi yliopistonlehtori Helsingin yliopistosta. Koulutukseltani olen Afrikan kielten tutkija ja ty\u00f6skentelen Helsingin yliopistossa bantukielten yliopistonlehtorina. Opetan k\u00e4yt\u00e4nn\u00f6n swahilin kielen lis\u00e4ksi erilaisia kieleen, kielenoppimiseen ja kielten tutkimukseen liittyvi\u00e4 kursseja. Vaikka taustani on (deskriptiivisess\u00e4) kielitieteess\u00e4, olen aina ollut kiinnostunut my\u00f6s kielitieteen soveltavasta puolesta, erityisesti kielenoppimisesta. Koulutuksia kielenoppimisesta olen pit\u00e4nyt 90-luvulta l\u00e4htien. Kielenoppimisessa minua on &hellip; <\/p>\n","protected":false},"author":1,"featured_media":0,"parent":0,"menu_order":3,"comment_status":"closed","ping_status":"closed","template":"","meta":{"footnotes":""},"class_list":["post-8","page","type-page","status-publish","hentry","grid-sizer"],"yoast_head":"<!-- This site is optimized with the Yoast SEO plugin v27.5 - https:\/\/yoast.com\/product\/yoast-seo-wordpress\/ -->\n<title>Kuka olen? - Opi kieli&auml;<\/title>\n<meta name=\"robots\" content=\"index, follow, max-snippet:-1, max-image-preview:large, max-video-preview:-1\" \/>\n<link rel=\"canonical\" href=\"https:\/\/opikielia.fi\/index.php\/info\/\" \/>\n<meta property=\"og:locale\" content=\"fi_FI\" \/>\n<meta property=\"og:type\" content=\"article\" \/>\n<meta property=\"og:title\" content=\"Kuka olen? - Opi kieli&auml;\" \/>\n<meta property=\"og:description\" content=\"Olen Lotta Aunio, vanhempi yliopistonlehtori Helsingin yliopistosta. Koulutukseltani olen Afrikan kielten tutkija ja ty\u00f6skentelen Helsingin yliopistossa bantukielten yliopistonlehtorina. Opetan k\u00e4yt\u00e4nn\u00f6n swahilin kielen lis\u00e4ksi erilaisia kieleen, kielenoppimiseen ja kielten tutkimukseen liittyvi\u00e4 kursseja. Vaikka taustani on (deskriptiivisess\u00e4) kielitieteess\u00e4, olen aina ollut kiinnostunut my\u00f6s kielitieteen soveltavasta puolesta, erityisesti kielenoppimisesta. Koulutuksia kielenoppimisesta olen pit\u00e4nyt 90-luvulta l\u00e4htien. Kielenoppimisessa minua on &hellip;\" \/>\n<meta property=\"og:url\" content=\"https:\/\/opikielia.fi\/index.php\/info\/\" \/>\n<meta property=\"og:site_name\" content=\"Opi kieli&auml;\" \/>\n<meta property=\"article:modified_time\" content=\"2026-03-18T12:38:56+00:00\" \/>\n<meta property=\"og:image\" content=\"http:\/\/opikielia.fi\/wp-content\/uploads\/2023\/10\/Humanistinen-tdk-07092023-klo-1500-1530-4-nauru-1024x683.jpg\" \/>\n<meta name=\"twitter:card\" content=\"summary_large_image\" \/>\n<meta name=\"twitter:label1\" content=\"Arvioitu lukuaika\" \/>\n\t<meta name=\"twitter:data1\" content=\"2 minuuttia\" \/>\n<script type=\"application\/ld+json\" class=\"yoast-schema-graph\">{\"@context\":\"https:\\\/\\\/schema.org\",\"@graph\":[{\"@type\":\"WebPage\",\"@id\":\"https:\\\/\\\/opikielia.fi\\\/index.php\\\/info\\\/\",\"url\":\"https:\\\/\\\/opikielia.fi\\\/index.php\\\/info\\\/\",\"name\":\"Kuka olen? - Opi kieli&auml;\",\"isPartOf\":{\"@id\":\"https:\\\/\\\/opikielia.fi\\\/#website\"},\"primaryImageOfPage\":{\"@id\":\"https:\\\/\\\/opikielia.fi\\\/index.php\\\/info\\\/#primaryimage\"},\"image\":{\"@id\":\"https:\\\/\\\/opikielia.fi\\\/index.php\\\/info\\\/#primaryimage\"},\"thumbnailUrl\":\"http:\\\/\\\/opikielia.fi\\\/wp-content\\\/uploads\\\/2023\\\/10\\\/Humanistinen-tdk-07092023-klo-1500-1530-4-nauru-1024x683.jpg\",\"datePublished\":\"2023-08-29T06:54:53+00:00\",\"dateModified\":\"2026-03-18T12:38:56+00:00\",\"breadcrumb\":{\"@id\":\"https:\\\/\\\/opikielia.fi\\\/index.php\\\/info\\\/#breadcrumb\"},\"inLanguage\":\"fi\",\"potentialAction\":[{\"@type\":\"ReadAction\",\"target\":[\"https:\\\/\\\/opikielia.fi\\\/index.php\\\/info\\\/\"]}]},{\"@type\":\"ImageObject\",\"inLanguage\":\"fi\",\"@id\":\"https:\\\/\\\/opikielia.fi\\\/index.php\\\/info\\\/#primaryimage\",\"url\":\"https:\\\/\\\/opikielia.fi\\\/wp-content\\\/uploads\\\/2023\\\/10\\\/Humanistinen-tdk-07092023-klo-1500-1530-4-nauru-scaled.jpg\",\"contentUrl\":\"https:\\\/\\\/opikielia.fi\\\/wp-content\\\/uploads\\\/2023\\\/10\\\/Humanistinen-tdk-07092023-klo-1500-1530-4-nauru-scaled.jpg\",\"width\":2560,\"height\":1707},{\"@type\":\"BreadcrumbList\",\"@id\":\"https:\\\/\\\/opikielia.fi\\\/index.php\\\/info\\\/#breadcrumb\",\"itemListElement\":[{\"@type\":\"ListItem\",\"position\":1,\"name\":\"Etusivu\",\"item\":\"https:\\\/\\\/opikielia.fi\\\/\"},{\"@type\":\"ListItem\",\"position\":2,\"name\":\"Kuka olen?\"}]},{\"@type\":\"WebSite\",\"@id\":\"https:\\\/\\\/opikielia.fi\\\/#website\",\"url\":\"https:\\\/\\\/opikielia.fi\\\/\",\"name\":\"Opi kieli&auml;\",\"description\":\"Blogi kielenoppimisesta\",\"publisher\":{\"@id\":\"https:\\\/\\\/opikielia.fi\\\/#\\\/schema\\\/person\\\/100e51ded37085b3300c28b7e6fa257f\"},\"alternateName\":\"Opi kielia\",\"potentialAction\":[{\"@type\":\"SearchAction\",\"target\":{\"@type\":\"EntryPoint\",\"urlTemplate\":\"https:\\\/\\\/opikielia.fi\\\/?s={search_term_string}\"},\"query-input\":{\"@type\":\"PropertyValueSpecification\",\"valueRequired\":true,\"valueName\":\"search_term_string\"}}],\"inLanguage\":\"fi\"},{\"@type\":[\"Person\",\"Organization\"],\"@id\":\"https:\\\/\\\/opikielia.fi\\\/#\\\/schema\\\/person\\\/100e51ded37085b3300c28b7e6fa257f\",\"name\":\"Lotta\",\"image\":{\"@type\":\"ImageObject\",\"inLanguage\":\"fi\",\"@id\":\"https:\\\/\\\/opikielia.fi\\\/wp-content\\\/uploads\\\/2023\\\/09\\\/cropped-Ok_logo.png\",\"url\":\"https:\\\/\\\/opikielia.fi\\\/wp-content\\\/uploads\\\/2023\\\/09\\\/cropped-Ok_logo.png\",\"contentUrl\":\"https:\\\/\\\/opikielia.fi\\\/wp-content\\\/uploads\\\/2023\\\/09\\\/cropped-Ok_logo.png\",\"width\":144,\"height\":111,\"caption\":\"Lotta\"},\"logo\":{\"@id\":\"https:\\\/\\\/opikielia.fi\\\/wp-content\\\/uploads\\\/2023\\\/09\\\/cropped-Ok_logo.png\"},\"sameAs\":[\"http:\\\/\\\/opikielia.fi\",\"www.linkedin.com\\\/in\\\/lotta-aunio-7a723b17\"]}]}<\/script>\n<!-- \/ Yoast SEO plugin. -->","yoast_head_json":{"title":"Kuka olen? - Opi kieli&auml;","robots":{"index":"index","follow":"follow","max-snippet":"max-snippet:-1","max-image-preview":"max-image-preview:large","max-video-preview":"max-video-preview:-1"},"canonical":"https:\/\/opikielia.fi\/index.php\/info\/","og_locale":"fi_FI","og_type":"article","og_title":"Kuka olen? - Opi kieli&auml;","og_description":"Olen Lotta Aunio, vanhempi yliopistonlehtori Helsingin yliopistosta. Koulutukseltani olen Afrikan kielten tutkija ja ty\u00f6skentelen Helsingin yliopistossa bantukielten yliopistonlehtorina. Opetan k\u00e4yt\u00e4nn\u00f6n swahilin kielen lis\u00e4ksi erilaisia kieleen, kielenoppimiseen ja kielten tutkimukseen liittyvi\u00e4 kursseja. Vaikka taustani on (deskriptiivisess\u00e4) kielitieteess\u00e4, olen aina ollut kiinnostunut my\u00f6s kielitieteen soveltavasta puolesta, erityisesti kielenoppimisesta. Koulutuksia kielenoppimisesta olen pit\u00e4nyt 90-luvulta l\u00e4htien. Kielenoppimisessa minua on &hellip;","og_url":"https:\/\/opikielia.fi\/index.php\/info\/","og_site_name":"Opi kieli&auml;","article_modified_time":"2026-03-18T12:38:56+00:00","og_image":[{"url":"http:\/\/opikielia.fi\/wp-content\/uploads\/2023\/10\/Humanistinen-tdk-07092023-klo-1500-1530-4-nauru-1024x683.jpg","type":"","width":"","height":""}],"twitter_card":"summary_large_image","twitter_misc":{"Arvioitu lukuaika":"2 minuuttia"},"schema":{"@context":"https:\/\/schema.org","@graph":[{"@type":"WebPage","@id":"https:\/\/opikielia.fi\/index.php\/info\/","url":"https:\/\/opikielia.fi\/index.php\/info\/","name":"Kuka olen? - Opi kieli&auml;","isPartOf":{"@id":"https:\/\/opikielia.fi\/#website"},"primaryImageOfPage":{"@id":"https:\/\/opikielia.fi\/index.php\/info\/#primaryimage"},"image":{"@id":"https:\/\/opikielia.fi\/index.php\/info\/#primaryimage"},"thumbnailUrl":"http:\/\/opikielia.fi\/wp-content\/uploads\/2023\/10\/Humanistinen-tdk-07092023-klo-1500-1530-4-nauru-1024x683.jpg","datePublished":"2023-08-29T06:54:53+00:00","dateModified":"2026-03-18T12:38:56+00:00","breadcrumb":{"@id":"https:\/\/opikielia.fi\/index.php\/info\/#breadcrumb"},"inLanguage":"fi","potentialAction":[{"@type":"ReadAction","target":["https:\/\/opikielia.fi\/index.php\/info\/"]}]},{"@type":"ImageObject","inLanguage":"fi","@id":"https:\/\/opikielia.fi\/index.php\/info\/#primaryimage","url":"https:\/\/opikielia.fi\/wp-content\/uploads\/2023\/10\/Humanistinen-tdk-07092023-klo-1500-1530-4-nauru-scaled.jpg","contentUrl":"https:\/\/opikielia.fi\/wp-content\/uploads\/2023\/10\/Humanistinen-tdk-07092023-klo-1500-1530-4-nauru-scaled.jpg","width":2560,"height":1707},{"@type":"BreadcrumbList","@id":"https:\/\/opikielia.fi\/index.php\/info\/#breadcrumb","itemListElement":[{"@type":"ListItem","position":1,"name":"Etusivu","item":"https:\/\/opikielia.fi\/"},{"@type":"ListItem","position":2,"name":"Kuka olen?"}]},{"@type":"WebSite","@id":"https:\/\/opikielia.fi\/#website","url":"https:\/\/opikielia.fi\/","name":"Opi kieli&auml;","description":"Blogi kielenoppimisesta","publisher":{"@id":"https:\/\/opikielia.fi\/#\/schema\/person\/100e51ded37085b3300c28b7e6fa257f"},"alternateName":"Opi kielia","potentialAction":[{"@type":"SearchAction","target":{"@type":"EntryPoint","urlTemplate":"https:\/\/opikielia.fi\/?s={search_term_string}"},"query-input":{"@type":"PropertyValueSpecification","valueRequired":true,"valueName":"search_term_string"}}],"inLanguage":"fi"},{"@type":["Person","Organization"],"@id":"https:\/\/opikielia.fi\/#\/schema\/person\/100e51ded37085b3300c28b7e6fa257f","name":"Lotta","image":{"@type":"ImageObject","inLanguage":"fi","@id":"https:\/\/opikielia.fi\/wp-content\/uploads\/2023\/09\/cropped-Ok_logo.png","url":"https:\/\/opikielia.fi\/wp-content\/uploads\/2023\/09\/cropped-Ok_logo.png","contentUrl":"https:\/\/opikielia.fi\/wp-content\/uploads\/2023\/09\/cropped-Ok_logo.png","width":144,"height":111,"caption":"Lotta"},"logo":{"@id":"https:\/\/opikielia.fi\/wp-content\/uploads\/2023\/09\/cropped-Ok_logo.png"},"sameAs":["http:\/\/opikielia.fi","www.linkedin.com\/in\/lotta-aunio-7a723b17"]}]}},"_links":{"self":[{"href":"https:\/\/opikielia.fi\/index.php\/wp-json\/wp\/v2\/pages\/8","targetHints":{"allow":["GET"]}}],"collection":[{"href":"https:\/\/opikielia.fi\/index.php\/wp-json\/wp\/v2\/pages"}],"about":[{"href":"https:\/\/opikielia.fi\/index.php\/wp-json\/wp\/v2\/types\/page"}],"author":[{"embeddable":true,"href":"https:\/\/opikielia.fi\/index.php\/wp-json\/wp\/v2\/users\/1"}],"replies":[{"embeddable":true,"href":"https:\/\/opikielia.fi\/index.php\/wp-json\/wp\/v2\/comments?post=8"}],"version-history":[{"count":10,"href":"https:\/\/opikielia.fi\/index.php\/wp-json\/wp\/v2\/pages\/8\/revisions"}],"predecessor-version":[{"id":399,"href":"https:\/\/opikielia.fi\/index.php\/wp-json\/wp\/v2\/pages\/8\/revisions\/399"}],"wp:attachment":[{"href":"https:\/\/opikielia.fi\/index.php\/wp-json\/wp\/v2\/media?parent=8"}],"curies":[{"name":"wp","href":"https:\/\/api.w.org\/{rel}","templated":true}]}}